{"id":211,"date":"2024-09-15T10:58:19","date_gmt":"2024-09-15T13:58:19","guid":{"rendered":"https:\/\/btechgames.com\/?page_id=211"},"modified":"2024-09-15T18:07:45","modified_gmt":"2024-09-15T21:07:45","slug":"nossos-grupos","status":"publish","type":"page","link":"https:\/\/btechgames.com\/index.php\/nossos-grupos\/","title":{"rendered":"Nossos Grupos do Whatsapp"},"content":{"rendered":"\n<p>Galera!! Participe dos nossos Grupos do Whatsapp:<\/p>\n\n\n\n<figure class=\"wp-block-image size-full is-resized\"><img loading=\"lazy\" decoding=\"async\" width=\"1024\" height=\"1024\" src=\"https:\/\/btechgames.com\/wp-content\/uploads\/2024\/09\/1004ee0f-516b-4bc8-90bc-c87808eb6836.jpg\" alt=\"\" class=\"wp-image-256\" style=\"width:279px;height:auto\" srcset=\"https:\/\/btechgames.com\/wp-content\/uploads\/2024\/09\/1004ee0f-516b-4bc8-90bc-c87808eb6836.jpg 1024w, https:\/\/btechgames.com\/wp-content\/uploads\/2024\/09\/1004ee0f-516b-4bc8-90bc-c87808eb6836-300x300.jpg 300w, https:\/\/btechgames.com\/wp-content\/uploads\/2024\/09\/1004ee0f-516b-4bc8-90bc-c87808eb6836-150x150.jpg 150w, https:\/\/btechgames.com\/wp-content\/uploads\/2024\/09\/1004ee0f-516b-4bc8-90bc-c87808eb6836-768x768.jpg 768w\" sizes=\"auto, (max-width: 1024px) 100vw, 1024px\" \/><\/figure>\n\n\n\n<p><strong>Grupo de Vendas: <\/strong><\/p>\n\n\n\n<p>Nosso Grupo para Vendas de Games, onde voc\u00ea pode anunciar seu game para venda l\u00e1, e tamb\u00e9m ter contato com os melhores e mais confiav\u00e9is vendedores de Games de todo o Brasil, com \u00f3timos pre\u00e7os e condi\u00e7\u00f5es.<\/p>\n\n\n\n<p><a href=\"https:\/\/chat.whatsapp.com\/Lc2rjWBuoH57sfROeHqHo2\" target=\"_blank\" rel=\"noreferrer noopener\">Clique aqui para enrtar no nosso Grupo de Vendas<\/a><\/p>\n\n\n\n<hr class=\"wp-block-separator has-alpha-channel-opacity\"\/>\n\n\n\n<p><strong>Grupo de Bate Papo e Duvidas <\/strong><\/p>\n\n\n\n<p>Nosso Grupo onde a conversa \u00e9 liberada!! Tire suas duvidas, fale sobre os lan\u00e7amentos de games, poste memes!! Aqui t\u00e1 liberado pra falar tudo sobre games, mas lembre-se siga as regras do grupo!! Respeito \u00e9 a base da nosso comunidade \ud83d\ude42<\/p>\n\n\n\n<p><a href=\"https:\/\/chat.whatsapp.com\/DOtgBHolpW55pNEj4eLslY\" target=\"_blank\" rel=\"noreferrer noopener\">Clique aqui para enrtar no nosso Grupo de Vendas<\/a><\/p>\n\n\n\n<hr class=\"wp-block-separator has-alpha-channel-opacity\"\/>\n\n\n\n<p><strong>Grupo de Rifas<\/strong><\/p>\n\n\n\n<p>J\u00e1 pensou levar um game por apenas 2..5..10 reais? Pois \u00e9! Aqui no nosso grupo de Rifas temos v\u00e1rios games que voc\u00ea pode levar por esse valor!! Corre l\u00e1 por que j\u00e1 teve gente que levou mais de 5 video games!!<\/p>\n\n\n\n<p><a href=\"https:\/\/chat.whatsapp.com\/E6vrIIEB9JN7x4jdz9HLh4\" target=\"_blank\" rel=\"noreferrer noopener\">Clique aqui para enrtar no nosso Grupo de Vendas<\/a><\/p>\n\n\n\n<p><\/p>\n","protected":false},"excerpt":{"rendered":"<p>Galera!! Participe dos nossos Grupos do Whatsapp: Grupo de Vendas: Nosso Grupo para Vendas de Games, onde voc\u00ea pode anunciar seu game para venda l\u00e1, e tamb\u00e9m ter contato com os melhores e mais confiav\u00e9is vendedores de Games de todo o Brasil, com \u00f3timos pre\u00e7os e condi\u00e7\u00f5es. Clique aqui para enrtar no nosso Grupo de [&hellip;]<\/p>\n","protected":false},"author":1,"featured_media":0,"parent":0,"menu_order":0,"comment_status":"closed","ping_status":"closed","template":"","meta":{"footnotes":""},"class_list":["post-211","page","type-page","status-publish","hentry"],"_links":{"self":[{"href":"https:\/\/btechgames.com\/index.php\/wp-json\/wp\/v2\/pages\/211","targetHints":{"allow":["GET"]}}],"collection":[{"href":"https:\/\/btechgames.com\/index.php\/wp-json\/wp\/v2\/pages"}],"about":[{"href":"https:\/\/btechgames.com\/index.php\/wp-json\/wp\/v2\/types\/page"}],"author":[{"embeddable":true,"href":"https:\/\/btechgames.com\/index.php\/wp-json\/wp\/v2\/users\/1"}],"replies":[{"embeddable":true,"href":"https:\/\/btechgames.com\/index.php\/wp-json\/wp\/v2\/comments?post=211"}],"version-history":[{"count":4,"href":"https:\/\/btechgames.com\/index.php\/wp-json\/wp\/v2\/pages\/211\/revisions"}],"predecessor-version":[{"id":259,"href":"https:\/\/btechgames.com\/index.php\/wp-json\/wp\/v2\/pages\/211\/revisions\/259"}],"wp:attachment":[{"href":"https:\/\/btechgames.com\/index.php\/wp-json\/wp\/v2\/media?parent=211"}],"curies":[{"name":"wp","href":"https:\/\/api.w.org\/{rel}","templated":true}]}}